4.
4
Calculate the remainder when 40226422 is divided by 1297624.
78
What is the remainder when 1781122 is divided by 1780835?
287
What is the remainder when 2024275 is divided by 1012098?
79
What is the remainder when 931910 is divided by 5480?
310
Calculate the remainder when 1722675 is divided by 639.
570
Calculate the remainder when 225743 is divided by 2427.
32
Calculate the remainder when 67716 is divided by 699.
612
What is the remainder when 8479279 is divided by 4239623?
33
Calculate the remainder when 372812 is divided by 221.
206
What is the remainder when 6139703 is divided by 277?
275
What is the remainder when 30160 is divided by 27686?
2474
Calculate the remainder when 1611530 is divided by 265.
65
What is the remainder when 23094898 is divided by 3837?
3832
What is the remainder when 58501 is divided by 58122?
379
What is the remainder when 159563 is divided by 22555?
1678
What is the remainder when 44315322 is divided by 1261?
1260
What is the remainder when 4407627 is divided by 3601?
3
What is the remainder when 4683 is divided by 2296?
91
What is the remainder when 6205984 is divided by 517165?
4
Calculate the remainder when 488574 is divided by 24417.
234
What is the remainder when 112148 is divided by 28001?
144
Calculate the remainder when 10567 is divided by 10409.
158
Calculate the remainder when 630083 is divided by 2409.
1334
What is the remainder when 1359325 is divided by 339830?
5
Calculate the remainder when 728401 is divided by 69.
37
What is the remainder when 146188 is divided by 72937?
314
What is the remainder when 31307704 is divided by 55?
54
What is the remainder when 7332396 is divided by 299?
19
What is the remainder when 54275351 is divided by 986?
981
Calculate the remainder when 250262 is divided by 671.
650
What is the remainder when 331487 is divided by 165639?
209
What is the remainder when 79572776 is divided by 84?
80
Calculate the remainder when 191752 is divided by 372.
172
Calculate the remainder when 3413318 is divided by 18652.
2
Calculate the remainder when 215974 is divided by 4955.
2909
Calculate the remainder when 7935129 is divided by 7935126.
3
Calculate the remainder when 834353 is divided by 2357.
2332
Calculate the remainder when 6904614 is divided by 60.
54
What is the remainder when 12236748 is divided by 12512?
12
Calculate the remainder when 24967377 is divided by 756587.
6
Calculate the remainder when 606801 is divided by 2650.
2601
Calculate the remainder when 8488836 is divided by 460.
456
What is the remainder when 334659 is divided by 3984?
3
Calculate the remainder when 938218 is divided by 7811.
898
What is the remainder when 464240 is divided by 152596?
6452
What is the remainder when 302516 is divided by 100757?
245
Calculate the remainder when 704674 is divided by 352287.
100
Calculate the remainder when 85677 is divided by 481.
59
Calculate the remainder when 88510677 is divided by 15.
12
What is the remainder when 1191236 is divided by 5821?
3752
What is the remainder when 48976214 is divided by 9795241?
9
What is the remainder when 859532 is divided by 2032?
2028
Calculate the remainder when 23211404 is divided by 67.
58
Calculate the remainder when 19527 is divided by 485.
127
What is the remainder when 3988158 is divided by 3988148?
10
What is the remainder when 4131395 is divided by 511?
471
What is the remainder when 98260 is divided by 840?
820
Calculate the remainder when 160851 is divided by 338.
301
Calculate the remainder when 5665083 is divided by 28.
11
Calculate the remainder when 3819310 is divided by 580.
10
What is the remainder when 40425596 is divided by 232331?
2
Calculate the remainder when 96499 is divided by 593.
433
Calculate the remainder when 389389 is divided by 483.
91
What is the remainder when 672042 is divided by 333?
48
Calculate the remainder when 769396 is divided by 13989.
1
Calculate the remainder when 1412229 is divided by 353056.
5
Calculate the remainder when 121690 is divided by 1603.
1465
What is the remainder when 117924 is divided by 1142?
298
Calculate the remainder when 3196821 is divided by 799181.
97
Calculate the remainder when 71122366 is divided by 1165940.
26
Calculate the remainder when 6341 is divided by 5660.
681
Calculate the remainder when 105654 is divided by 6663.
5709
What is the remainder when 78268059 is divided by 335?
334
Calculate the remainder when 4707930 is divided by 11427.
6
Calculate the remainder when 556785 is divided by 3985.
2870
Calculate the remainder when 1126212 is divided by 2371.
2358
What is the remainder when 18594861 is divided by 26?
25
What is the remainder when 116812 is divided by 11561?
1202
What is the remainder when 278138 is divided by 138971?
196
Calculate the remainder when 44588 is divided by 37.
3
Calculate the remainder when 8368730 is divided by 35.
20
Calculate the remainder when 3171049 is divided by 103.
91
What is the remainder when 15722633 is divided by 7060?
13
Calculate the remainder when 36457254 is divided by 143.
119
Calculate the remainder when 8764408 is divided by 9187.
10
What is the remainder when 76817226 is divided by 302430?
6
What is the remainder when 440869 is divided by 110175?
169
Calculate the remainder when 937953 is divided by 34.
29
Calculate the remainder when 578680 is divided by 314.
292
What is the remainder when 1827239 is divided by 17238?
11
Calculate the remainder when 4321981 is divided by 138.
97
What is the remainder when 961079 is divided by 159951?
1373
What is the remainder when 199165 is divided by 8128?
4093
Calculate the remainder when 1425849 is divided by 278.
265
Calculate the remainder when 265666 is divided by 524.
522
What is the remainder when 28873352 is divided by 128?
8
What is the remainder when 570999 is divided by 190320?
39
What is the remainder when 45226942 is divided by 1008?
1006
Calculate the remainder when 21669 is divided by 564.
237
What is the remainder when 1312976408 is divided by 66?
62
Calculate the remainder when 959460 is divided by 2008.
1644
What is the remainder when 29964543 is divided by 134?
133
Calculate the remainder when 146130639 is divided by 54.
51
What is the remainder when 583172 is divided by 127?
115
Calculate the remainder when 13213580 is divided by 432.
428
Calculate the remainder when 91598626 is divided by 3498.
3496
What is the remainder when 447987 is divided by 4025?
1212
What is the remainder when 6465300 is divided by 68?
64
Calculate the remainder when 163785 is divided by 1725.
1635
What is the remainder when 196944437 is divided by 117649?
11
Calculate the remainder when 102752 is divided by 33759.
1475
What is the remainder when 11659271 is divided by 253?
19
Calculate the remainder when 442799 is divided by 62752.
3535
Calculate the remainder when 969034 is divided by 161504.
10
What is the remainder when 8434833 is divided by 276?
273
What is the remainder when 41511717 is divided by 107?
104
What is the remainder when 1000490 is divided by 1806?
1772
What is the remainder when 146775 is divided by 36673?
83
What is the remainder when 365878 is divided by 9?
1
What is the remainder when 8880 is divided by 3414?
2052
Calculate the remainder when 331571553 is divided by 94.
89
Calculate the remainder when 2352394 is divided by 491.
13
Calculate the remainder when 96082 is divided by 23.
11
What is the remainder when 130858359 is divided by 192?
183
Calculate the remainder when 1568928 is divided by 237.
225
Calculate the remainder when 367188 is divided by 344.
140
Calculate the remainder when 29338 is divided by 933.
415
What is the remainder when 2948564 is divided by 7719?
7625
Calculate the remainder when 69920709 is divided by 3.
0
What is the remainder when 542017 is divided by 6022?
37
Calculate the remainder when 5546607 is divided by 155.
87
Calculate the remainder when 53359 is divided by 47124.
6235
What is the remainder when 874872 is divided by 7171?
10
What is the remainder when 74617 is divided by 1051?
1047
What is the remainder when 2486454 is divided by 6702?
12
What is the remainder when 9167929 is divided by 20464?
57
What is the remainder when 18027118 is divided by 2575302?
4
Calculate the remainder when 5313801 is divided by 16.
9
What is the